s divided by (-4270)/(-56) + 2 + (-15)/12?
67
Suppose -3 = w, 5*w + 78 = -0*p - 3*p. What is the remainder when (-666)/(-12) - 2/4 is divided by p/((-7)/2 - -2)?
13
Suppose 211 = -8*w - 69. Calculate the remainder when 27 is divided by (-35)/3*42/w.
13
Let i be ((-1*10)/(-5))/(2 + 0). Suppose -i = -2*u + 17. Calculate the remainder when 16 is divided by u.
7
Let g(s) be the third derivative of 19*s**5/60 + s**4/8 - 5*s**3/3 + 32*s**2. Calculate the remainder when g(2) is divided by 25.
22
Let g(q) = 9*q - 5. Let r(k) = -k**2 - 11*k - 17. Let f be ((-2)/(-2))/((-3)/18). Calculate the remainder when g(6) is divided by r(f).
10
Let z(o) = o**2 - o - 1. Suppose 23*s - 22*s + 72 = 0. Let m = s + 80. Calculate the remainder when z(6) is divided by m.
5
Let d be 6/(-2) + 4 - -43. Let o = d + -12. Suppose -75 = -5*a - 2*x, -94 - 1 = -5*a + 2*x. What is the remainder when o is divided by a?
15
Let p(j) = -3*j**3 + 40*j**2 - 3*j - 111. Let x = -12 + 31. Let o = 56 - x. What is the remainder when o is divided by p(13)?
18
Let y(m) = -m**3 - 5*m**2 + 3*m + 7. Let n be y(-5). What is the remainder when 52 is divided by (-2 + 8/(-10))/(n/40)?
10
Let h(s) = -s**3 + 12*s**2 - 17*s - 17. What is the remainder when 1823 is divided by h(9)?
71
Suppose -6*l + 258 = -0*l. What is the remainder when 125 is divided by l?
39
Let h = 127 + -122. Suppose -3*v + 0*z + 37 = -h*z, -4 = -z. Calculate the remainder when 46 is divided by v.
8
Let g = -16 + -34. Let z = g - -76. What is the remainder when 75 is divided by z?
23
Suppose 11*d = -4*d + 135. What is the remainder when 21 is divided by d?
3
Let n = 6 - 10. Calculate the remainder when 681/6 - n - 1/(-2) is divided by 20.
18
Let l = -332 - -416. What is the remainder when 308 is divided by l?
56
Suppose 0 = -511*x + 506*x + 35. What is the remainder when 235 is divided by x?
4
Suppose 3*z = -5*k + 26, 8*z - 3*z + 43 = 4*k. Let r(l) = 2*l + 4. Let y be r(-7). Let x = y - -27. Calculate the remainder when x is divided by k.
3
Let s be (-1)/(-8) + 3004/32. Let w = s - 55. Let v(p) = p**3 - 5*p**2 + 3*p - 1. Calculate the remainder when w is divided by v(5).
11
Let x = -884 - -956. What is the remainder when 207 is divided by x?
63
Let y = 1221 - 1046. Calculate the remainder when y is divided by 37.
27
Suppose 4*f = 4*g - 632, g - 4*f = 82 + 79. What is the remainder when g is divided by 81?
76
Suppose -28 = -5*p + 27. Let m(l) = -19*l + 6. Let c be m(-5). Let j = c - 70. Calculate the remainder when j is divided by p.
9
Let n(g) = g**3 - 9*g**2 - 7*g - 14. Calculate the remainder when n(10) is divided by 8.
0
Suppose 2*b + 7 - 39 = 0. Suppose 0*w = -3*w. What is the remainder when b is divided by 1 + w - (-2 + -6)?
7
Suppose 0 = -2*i + 3 - 1. Suppose 0 = 4*o - i - 7. Let u = o - -21. What is the remainder when 90 is divided by u?
21
Let r(o) = 4*o + 91. Calculate the remainder when 104 is divided by r(-19).
14
Let n = -213 + 218. Calculate the remainder when 42 is divided by n.
2
Let c(b) = -5*b - 19. Let r be c(-4). Calculate the remainder when 0/(4 + r - 3) - -114 is divided by 59.
55
Let h(v) = -v**2 + 7*v + 125. Let b = -40 + 63. What is the remainder when b is divided by h(15)?
3
Let c be 1 - (-2)/(-4)*34. Let x = -59 + 114. Let m = x + c. What is the remainder when m is divided by 10?
9
Let l(k) = -k**2 + 28*k - 129. What is the remainder when l(16) is divided by 33?
30
Let k = -146 + 242. Let v(z) = 24*z + 14. Calculate the remainder when k is divided by v(0).
12
Suppose -7*d + 80 = 24. Calculate the remainder when 298 is divided by d.
2
Let a(r) = 52*r - 2. Let k be a(1). Suppose 5*h - 104 = 16. Let n = k - h. What is the remainder when n is divided by 9?
8
Let b(l) = 2*l + 5. Let o be b(-2). Let x = 1 + 3. Suppose 0 = -x*y + o + 67. What is the remainder when 32 is divided by y?
15
Let r = 787 + -756. What is the remainder when 493 is divided by r?
28
Let z = 77 - -204. Calculate the remainder when z is divided by 27.
11
Let o be (-2*(4 - 3))/(6/57). Let q(k) = -k**2 - 20*k - 14. Calculate the remainder when 47 is divided by q(o).
2
Let i = -274 + 299. Let q = 86 - 50. Suppose -q = -7*v + 3*v. Calculate the remainder when i is divided by v.
7
Let o = -30 + 246. Calculate the remainder when o is divided by 28.
20
Let g = 50 - 41. Let c = 6 + -8. What is the remainder when g is divided by (-1)/c - (-44)/8?
3
Suppose 97*x + 1672 = 119*x. Calculate the remainder when 92 is divided by x.
16
Let b(s) = -s**3 - 3*s**2 + 36*s + 11. What is the remainder when b(-8) is divided by 24?
19
Let z(h) = -h**2 + 11*h - 5. Let y = -9 + 19. Let s be z(y). What is the remainder when (-21)/(-35) + 262/s is divided by 18?
17
Let c(n) be the first derivative of n**4/4 - 5*n**3 + n**2/2 + 5*n - 18. What is the remainder when 97 is divided by c(15)?
17
What is the remainder when (150/(-20))/((-5)/132) is divided by 26?
16
Let r = -89 - -221. What is the remainder when r is divided by 27?
24
Suppose 0*d - 30 = -3*o - d, 3*o = 2*d + 39. Calculate the remainder when (-16)/20 - 16450/(-250) is divided by o.
10
Let z(q) = q**2 - 18*q - 52. Calculate the remainder when z(24) is divided by 31.
30
Let a(y) = -2*y**2 - 2. Let p be a(-2). Let n be ((-16)/(-6))/(-8)*-39. Let d = p + n. What is the remainder when d is divided by 1?
0
Let k = 710 + -703. Calculate the remainder when 467 is divided by k.
5
Suppose -7*c = -421 - 958. Calculate the remainder when c is divided by 40.
37
Suppose -75 = -3*t - 3*y, 2*t + 3*y + 5 = 3*t. Let x = 73 - t. Suppose -2*a - 2*d = -24, a - 4*d + 62 = 6*a. Calculate the remainder when x is divided by a.
11
Let w(f) = -f**2 + 2*f + 2. Let q be w(2). Suppose 3*v = 8*v - 135. Calculate the remainder when (-1*(-3)/q)/(2/140) is divided by v.
24
Let v = -16 - -28. Let o = 14 - v. Suppose o + 58 = 5*h. Calculate the remainder when 21 is divided by h.
9
Let o be (-6 + 6)/((-1)/((-3)/3)). Suppose 4*j + 189 = 3*m, 5*m + 8*j - 3*j - 280 = o. Calculate the remainder when m is divided by 30.
29
Let k(z) be the first derivative of 7*z**3/3 - 3*z**2 + z + 2. Let p(c) be the first derivative of k(c). Calculate the remainder when p(4) is divided by 17.
16
Let c = -45 + 72. Suppose 5*k + 3 + 2 = 0, 3*k = 5*w - 768. Let a = w - 146. Calculate the remainder when c is divided by a.
6
What is the remainder when 24940/140 - (-2)/(-4 + -10) is divided by 28?
10
Suppose -v - 2*y + 8 = -19, 2*v = -y + 42. What is the remainder when v is divided by 5?
4
Suppose -k - k = -6, 4*k = -3*w. Calculate the remainder when 13 is divided by (-1 - (-10 - w)) + -3.
1
Let t(p) be the second derivative of p**5/10 - 5*p**4/4 + 3*p**3/2 + 3*p**2/2 + 20*p. What is the remainder when 167 is divided by t(7)?
14
Suppose 2*f = -5*t + 183, 5 - 8 = 3*f. Calculate the remainder when t is divided by 19.
18
Let k(o) = -3*o - 3. Let u(y) = 7 - 3 - 2 - 2*y + 4*y. Let n(d) = -3*k(d) - 5*u(d). What is the remainder when n(-12) is divided by 3?
2
Let y(a) = 5*a + 11. Let j be (3/(9/(-24)))/(-2). What is the remainder when 91 is divided by y(j)?
29
Suppose -3*i = -33 + 213. Let k = 65 + i. What is the remainder when 6 is divided by k?
1
Let x = -12 + 81. Suppose -3*c + x = -12. What is the remainder when ((-208)/(-24))/(1/6) is divided by c?
25
Suppose -45*b - 18 = -46*b. What is the remainder when (-24)/b*123/(-4) is divided by 7?
6
Let l = -1 + 10. Let z = -18 - -24. What is the remainder when l is divided by z?
3
Let f(v) = -8*v**2 - 57*v - 2. Calculate the remainder when 149 is divided by f(-6).
45
Let l = -30 - -52. Suppose -11*m + 498 - 410 = 0. What is the remainder when l is divided by m?
6
Let p(b) = -29*b - 20. Calculate the remainder when p(-6) is divided by 56.
42
Suppose 10*v = 8*v + 154. Suppose 4*m = 3*p - 108, 0 = -p - m - 3*m + 52. Calculate the remainder when v is divided by p.
37
Let f = 46 - 44. What is the remainder when 1100/16 + f/(2*4) is divided by 18?
15
Suppose -10065 = -205*r + 190*r. Calculate the remainder when r is divided by 24.
23
Suppose -33 = -3*n - 4*r, 4*n - 9*r - 22 = -7*r. What is the remainder when 906 is divided by n?
3
Let a = -92 + 83. Let p(t) = -t**3 - 8*t**2 + 9*t + 7. What is the remainder when 36 is divided by p(a)?
1
Let o = -30 + 58. Suppose 4*v + 8*b - 55 = 5*b, -v + 28 = -4*b. What is the remainder when o is divi